t h(d) = -2*d + 12. Let n be h(13). Let a = n - u. Give l(a).
-8
Let i(w) = -1926*w**3 - 2*w + 3*w**2 + w - 4*w**2 + 1925*w**3. Let u(y) be the second derivative of y**4/12 - y**2/2 - y. Let q be u(1). Calculate i(q).
0
Let z(d) = -d + 4. Let v = -187 - -183. Give z(v).
8
Let b(d) = -27*d**2 - 2*d - 1. Let t(w) = 7*w - 21. Let m be t(10). Let s = m - 50. Determine b(s).
-26
Let n(f) = -2*f**2 + 6*f + 2 + 0*f - f - 3. Give n(4).
-13
Let d(h) = -15*h**3 - 62*h**2 - 4*h + 6. Let z be d(-4). Let y(c) = -c**3 - 10*c**2 + c + 14. Calculate y(z).
4
Let l(k) = -k**2 + 5*k - 4. Let g(c) = -c**3 - c**2 - c - 1. Let t(d) = -2*d**3 - 9*d**2 + 2. Let m(v) = 3*g(v) - t(v). Let z be m(5). Give l(z).
-4
Let n(z) = 34*z + 237. Let a be n(-7). Let l(f) = 9*f**3 + f**2 - f - 1. What is l(a)?
-8
Let a(k) = -k**3 + 3*k**2 + 2*k - 1. Let d be ((-50)/5)/5 + 2. Let w be a(d). Let t(q) = -11*q**3 + 2*q**2 + 2*q + 1. Calculate t(w).
12
Let o(k) = 5*k**2. Let h(s) be the first derivative of -14*s**3/3 - s**2/2 - s + 31. Let r(c) = 3*h(c) + 8*o(c). What is r(-2)?
-5
Let y(n) be the third derivative of n**7/840 - n**6/45 - n**5/120 + 7*n**4/24 + 7*n**3/6 + 10*n**2. Let r(m) be the first derivative of y(m). Determine r(8).
-1
Let n(g) = 16*g + 20. Let u(z) = -52*z - 58. Let l(o) = -16*n(o) - 5*u(o). What is l(7)?
-2
Let y = -1171 - -1164. Let d(m) be the second derivative of m**4/12 + m**3 - 4*m**2 - 3*m. Calculate d(y).
-1
Let w(b) = -7*b**3 - 13*b**2 - 4*b + 24. Let j(n) = -6*n**3 - 13*n**2 - 5*n + 21. Let o(m) = -6*j(m) + 5*w(m). Calculate o(-12).
18
Let b(n) be the first derivative of n**4/2 + 11*n**3/3 - 7*n**2/2 - 2*n + 50. What is b(-6)?
4
Let p(y) = 17*y**2 + y. Suppose -35*m + 33*m = -2. What is p(m)?
18
Suppose -5*j + 3 = 4*q, 0*q + 7 = 2*q - 3*j. Suppose q*p + 13 = 7. Let o(c) = -c**2 + 2. What is o(p)?
-7
Let x(g) = -3*g - 2. Let m(j) = j**2 + 14*j + 45. Let a be m(-9). Suppose 0 = -s - 2*h + 3, -4*s + a*h - 4 = 4*h. Give x(s).
13
Let q(z) be the third derivative of -1/6*z**4 - 1/120*z**6 + 0 + 0*z - 7/60*z**5 + 7/6*z**3 - 9*z**2. Suppose -8*t = -3*t + 30. What is q(t)?
-5
Let y be (4/4)/((-1)/(-62)). Let u be 12/66 + y/22. Let z(g) = -6*g. Let r(t) = -21*t - 2. Let l(o) = -r(o) + 4*z(o). Give l(u).
-7
Let j(d) = -7*d**2 - 6*d - 1. Let w(g) = -g**2. Let h(f) = j(f) - 5*w(f). Suppose 2*s = 9*s. Suppose 6*x - 5*x + 4 = s. Determine h(x).
-9
Suppose 5*u = n + 34, 5*n + 4 = u + 2. Let j(k) be the first derivative of 8 + 1/4*k**4 - 8/3*k**3 - 10*k + 9/2*k**2. Calculate j(u).
4
Let d(f) = -f**2 + 5*f. Let r = 4 + -1. Suppose -c + 7*u - 3*u = -12, -r*c + 5*u + 36 = 0. Let t = -6 + c. Determine d(t).
-6
Let b(i) = i + 8. Let v(p) = -5*p**2 + p. Let z be v(-1). Calculate b(z).
2
Let b(m) be the second derivative of -m**3/6 - m**2 - 2*m + 7. Give b(-3).
1
Let f(k) = -k**3 - 12*k**2 - 13*k - 12. Suppose 45 - 562 = 47*w. What is f(w)?
10
Let d(y) = -5*y - 1. Suppose 0 = -4*m - b - 38, -m + 3*m - b = -16. Let s(u) = u**2 + 9*u + 11. Let p be s(m). Suppose 0 = -2*h + p - 9. Give d(h).
-6
Let y(o) = -6*o - 1. Let t(b) = -7*b - 1. Let n(w) = 5*t(w) - 6*y(w). Let s(r) = 8*r**2 + 4*r - 2. Let j be s(1). Let g be j/175*7 - 44/10. Determine n(g).
-3
Let p(s) = -s**2 + 4*s + 2. Let l be p(5). Let u = l - -3. Let x = 3 + u. Let k(t) = -t**3 + 3*t**2 - t - 3. Give k(x).
-6
Let u(b) = -b**2 - 3*b + 5. Suppose -4*x + 14 = w + 1, 2*x = 5*w - 21. Let f(v) = v**2 + 3*v - 6. Let h(j) = x*f(j) + 3*u(j). Give h(-4).
-1
Let w(z) = -18 - 6*z**3 + 14 + 7*z**3 + 2*z**2 - 3*z - 2*z. Let y = -10 - -3. Let b = -10 - y. Give w(b).
2
Let q = -2524 + 2534. Let f(n) = n**2 - 11*n - 3. What is f(q)?
-13
Let w(o) = -o**3 + 7*o**2 - 6*o - 1. Let u = -1050 - -1056. Give w(u).
-1
Let o(h) = h**3 + 2*h**3 + 125*h - 6*h**3 - 123*h + 1. Calculate o(-1).
2
Suppose 13 = -171*s + 172*s. Let l(c) = -c**3 + 14*c**2 - 12*c - 5. What is l(s)?
8
Let i be 2*72/(-16)*1/3. Let u(l) = -l**2 + 4. Calculate u(i).
-5
Let q(k) be the first derivative of -10*k**3/3 + 3*k**2/2 - k + 3. Calculate q(2).
-35
Let w(i) = 2*i + 2. Suppose 2*f - 6 = 6. Suppose q = -2*q + f. Calculate w(q).
6
Let h(a) = 3*a**3 + 3*a**2 + 4*a + 2. Let y be (1 + 4/(-6))/(38/(-228)). Calculate h(y).
-18
Let o(w) be the first derivative of -w**4/4 + w**3 + 3*w**2/2 + 4*w - 1. What is o(4)?
0
Let w(c) = -7*c - 4*c - c. Let h = -116 + 113. Let l be h/6 + (35/(-10) - -5). Give w(l).
-12
Let n(i) = i**3 + 2*i**2 + 3*i + 4. Let z(w) = -3*w**3 - 3*w**2 - 6*w - 7. Let k(u) = 5*n(u) + 2*z(u). Give k(5).
-4
Suppose -5*o + 14 - 4 = 0. Suppose 0 = 4*u + 4, o*u - 4*u + 10 = 4*c. Let z(f) = f**2 - 4*f. Calculate z(c).
-3
Let k(h) = -2*h**3 - 28*h**2 + 3*h + 6. Let s(p) = p**3 + 13*p**2 - 2*p - 2. Let u(w) = 3*k(w) + 7*s(w). Calculate u(-7).
39
Let s(m) be the first derivative of m**4/4 - 5*m**3/3 + 3*m**2/2 + m + 88. Calculate s(3).
-8
Let f(p) be the second derivative of -p**3/6 - p**2/2 - p. Suppose q + 21 = -3*y - q, 2*y - 5*q = 5. Determine f(y).
4
Let b(x) = -4*x**2 + 0 - 7*x**2 - 8*x - 6 + 3*x**2 - x**3. Let f be b(-7). Suppose 0*g + f = g. Let i(q) = 8*q**3 - q**2 + q. Calculate i(g).
8
Let o(r) = 9*r**2 - 6*r + 16. Let b(a) = 11*a**2 - 5*a + 18. Let u(w) = -5*b(w) + 6*o(w). What is u(-11)?
6
Let z(x) = 41*x. Suppose -5*q = -2*i + i + 21, 0 = 3*q + 12. What is z(i)?
41
Let k(o) be the first derivative of o**3/3 - 5*o**2/2 + 12*o - 63. What is k(6)?
18
Let z(d) = d**3 - 4*d**2 + 8*d + 3. Let k = -643 + 646. Give z(k).
18
Let b(f) be the first derivative of 7/3*f**3 - 18 - 1/2*f**2 - 1/4*f**4 + 10*f. Give b(7).
3
Suppose 0 = 8*l + 24 + 16. Let n be l - (5 - 2 - 13). Let w(m) = -m**2 + 6*m + 3. Determine w(n).
8
Let b(v) = 11*v**2 + 24*v - 6. Let y(l) = 5*l**2 + 12*l - 3. Let n(a) = 4*b(a) - 9*y(a). What is n(-12)?
3
Let v(z) = -24*z + 78. Let b be v(3). Let w(u) = u**3 - 5*u**2 - 5*u - 5. Give w(b).
1
Let g(b) = -b**3 + 6*b**2 - 4*b + 2. Suppose -99 = -29*c + 46. Give g(c).
7
Let a(u) = u**3 + 9*u**2 - 6. Let p(y) = 11*y + 167. Let i be p(-16). Give a(i).
-6
Let f(x) = -x**2 - 8*x + 1. Let q(t) = t**2 + 11*t - 6. Let u be q(-7). Let y be (-34)/4 - (-17)/u. Give f(y).
-8
Let s(i) be the third derivative of -1/24*i**4 - 7/6*i**3 + 0 + 0*i - i**2. Let q = -2116 + 2111. Calculate s(q).
-2
Let n(x) = -6*x + 5. Let w(b) = b - 1. Let c(k) = -n(k) - 5*w(k). Let i(t) = 2*t + 1. Let a(u) = -13*c(u) + 6*i(u). Determine a(5).
1
Let p be (-2)/((3 - (-90)/(-21)) + 1). Suppose 0 = -5*m + p*m + 12. Let h(y) = -y**3 - 6*y**2 + 4*y + 6. Give h(m).
-18
Let j(z) = z**3 - z**2 + 2*z - 1. Let o = 216 + -215. Determine j(o).
1
Suppose 4*f = -8 + 20. Let y(o) = 3 + 2*o**f - o + o**2 - 3*o**3 + 3*o. Let c(n) = 4*n - 73. Let t be c(19). Calculate y(t).
-9
Let c be -1*((-18)/36)/(2/(-4)). Let f(u) = -12*u**3 + u**2 + u. Determine f(c).
12
Let l(s) = -s - 1. Let j(m) = 4*m + 9. Let a(w) = -j(w) - 5*l(w). What is a(0)?
-4
Let u(d) = 16659 + 2*d - 16659. Calculate u(1).
2
Let q be 1 + 12/(-8)*8. Let x = q + 25. Let c be (-3)/2 + x/28. Let s(j) = -12*j**3 - 1. Give s(c).
11
Let j be (1782/55)/((-6)/(-20)). Let y(t) = 0*t**2 - t**2 - 4 + 114*t - j*t. Determine y(5).
1
Let g(s) = -s - 1. Let y(i) be the third derivative of i**6/120 + 7*i**5/60 - 5*i**4/24 - 4*i**3/3 - 26*i**2. Let h(d) = 4*g(d) + y(d). Calculate h(-8).
-4
Let o be 4 - (-156)/(-42) - 220/(-14). Suppose o*x = 14*x - 14. Let r(g) = g**2 + 5*g. Give r(x).
14
Let n(f) = 5 - 4 - 2 + 2 - 4*f. Calculate n(-3).
13
Let o(k) = k**2 - 6*k + 13. Let t be o(4). Suppose -2*y = -t*y + 9. Let j(q) = -y - 8*q + 10*q + 4 - 2*q**2. Give j(-2).
-11
Let t(r) = 6*r - 4 + 3*r + 7*r + 861*r**2 - r**3 - 5*r - 856*r**2. Determine t(7).
-25
Let f = 180 + -174. Let i(l) = -l**3 + 5*l**2 + 8*l - 7. Determine i(f).
5
Let d(z) = z**2 + 7*z + 4. Let v = -1248 - -1241. Give d(v).
4
Let h(u) = 8 + 5 - u - 12. Let l = -59 + 56. What is h(l)?
4
Let x(c) = c**2 + 5*c + 9. Let k(h) = -1. Let n(i) = -6*k(i) - x(i). What is n(-3)?
3
Let a(n) be the first derivative of 2*n - 28 - 1/2*n**2. Suppose -b - 2*b = 0. Calculate a(b).
2
Let c(y) be the third derivative of 11*y**6/60 + y**5/60 - y**4/12 + y**3/6 - 40*y**2 + y. Give c(1).
22
Let x = 9 + -7. Let i(d) = -d**2 - 6*d - 4. Let c be i(-5). Let t(v) = -4*v**2 - x*v**2 + 0*v - 6*v + 4*v**2 + c + v**3. What is t(4)?
9